6177
What are the prime factors of 40427513?
7, 17, 339727
What are the prime factors of 21929?
21929
What are the prime factors of 106970?
2, 5, 19, 563
What are the prime factors of 7332414?
2, 3, 281, 4349
What are the prime factors of 249627?
3, 7, 11887
What are the prime factors of 808594?
2, 461, 877
What are the prime factors of 1132048?
2, 70753
List the prime factors of 342264.
2, 3, 13, 1097
List the prime factors of 17461574.
2, 13, 331, 2029
What are the prime factors of 917586?
2, 3, 19, 2683
List the prime factors of 12147.
3, 4049
What are the prime factors of 68823?
3, 2549
What are the prime factors of 11173457?
11173457
List the prime factors of 3587743.
229, 15667
List the prime factors of 12037534.
2, 59, 102013
What are the prime factors of 1271604?
2, 3, 105967
List the prime factors of 9011003.
17, 283, 1873
List the prime factors of 9851648.
2, 29, 1327
List the prime factors of 4976270.
2, 5, 13, 101, 379
What are the prime factors of 12101813?
12101813
What are the prime factors of 1284088?
2, 13, 12347
What are the prime factors of 1399502?
2, 13, 19, 2833
List the prime factors of 238720.
2, 5, 373
List the prime factors of 2461027.
29, 113, 751
What are the prime factors of 310580?
2, 5, 53, 293
What are the prime factors of 6733966?
2, 3366983
What are the prime factors of 197815?
5, 39563
What are the prime factors of 94814?
2, 47407
List the prime factors of 326411.
61, 5351
What are the prime factors of 229662?
2, 3, 4253
What are the prime factors of 2500828?
2, 11, 5167
List the prime factors of 4973058.
2, 3, 173, 1597
What are the prime factors of 202279?
7, 11, 37, 71
What are the prime factors of 15432345?
3, 5, 17, 20173
List the prime factors of 1267388.
2, 316847
List the prime factors of 1074401.
199, 5399
What are the prime factors of 8040825?
3, 5, 13, 2749
List the prime factors of 22099449.
3, 337, 21859
What are the prime factors of 358720?
2, 5, 19, 59
What are the prime factors of 5422095?
3, 5, 7, 2459
What are the prime factors of 20726538?
2, 3, 7, 31, 15919
What are the prime factors of 189287?
7, 3863
What are the prime factors of 3427196?
2, 856799
What are the prime factors of 531179?
11, 43, 1123
What are the prime factors of 800473?
800473
What are the prime factors of 167760?
2, 3, 5, 233
What are the prime factors of 356949?
3, 17, 2333
List the prime factors of 1507479.
3, 19, 53, 499
List the prime factors of 692965.
5, 7, 13, 1523
List the prime factors of 496043.
17, 29179
What are the prime factors of 171080?
2, 5, 7, 13, 47
What are the prime factors of 680144?
2, 42509
List the prime factors of 1759107.
3, 7, 211, 397
List the prime factors of 9696264.
2, 3, 404011
List the prime factors of 10245385.
5, 2049077
List the prime factors of 352196.
2, 13, 521
What are the prime factors of 364389?
3, 23, 5281
List the prime factors of 1251221.
137, 9133
What are the prime factors of 5432325?
3, 5, 72431
List the prime factors of 3233978.
2, 11, 17, 8647
List the prime factors of 8894594.
2, 4447297
What are the prime factors of 1150862?
2, 575431
List the prime factors of 664947.
3, 73883
What are the prime factors of 216838?
2, 181, 599
List the prime factors of 7039165.
5, 7, 201119
What are the prime factors of 623954?
2, 223, 1399
What are the prime factors of 7424085?
3, 5, 494939
What are the prime factors of 136627?
317, 431
What are the prime factors of 9592987?
59, 162593
What are the prime factors of 235034?
2, 117517
What are the prime factors of 376596?
2, 3, 11, 317
What are the prime factors of 67052?
2, 16763
List the prime factors of 2274634.
2, 17, 149, 449
What are the prime factors of 9758305?
5, 19, 59, 1741
What are the prime factors of 1010182?
2, 505091
What are the prime factors of 83358?
2, 3, 11, 421
What are the prime factors of 617293?
617293
List the prime factors of 23736029.
17, 1396237
What are the prime factors of 10412471?
10412471
List the prime factors of 739955.
5, 19, 7789
What are the prime factors of 1572795?
3, 5, 7, 4993
List the prime factors of 10127862.
2, 3, 37, 137
List the prime factors of 3824675.
5, 59, 2593
List the prime factors of 945216.
2, 3, 547
List the prime factors of 164400.
2, 3, 5, 137
List the prime factors of 192053.
192053
What are the prime factors of 258529?
263, 983
What are the prime factors of 213215?
5, 42643
List the prime factors of 1937248.
2, 60539
What are the prime factors of 6926519?
23, 301153
List the prime factors of 13230577.
41, 467, 691
List the prime factors of 1178176.
2, 41, 449
List the prime factors of 1517549.
11, 19, 53, 137
List the prime factors of 3656.
2, 457
What are the prime factors of 442120?
2, 5, 7, 1579
List the prime factors of 2237356.
2, 11, 50849
List the prime factors of 4198863.
3, 1399621
List the prime factors of 67048.
2, 17, 29
List the prime factors of 403801.
17, 23753
List the prime factors of 278793.
3, 30977
List the prime factors of 2789864.
2, 7, 11, 647
What are the prime factors of 17133300?
2, 3, 5, 19037
What are the prime factors of 3856942?
2, 29, 66499
List the prime factors of 19698087.
3, 17, 386237
What are the prime factors of 39209?
39209
List the prime factors of 3175015.
5, 635003
List the prime factors of 615261.
3, 67, 3061
List the prime factors of 1104565.
5, 7, 11, 19, 151
What are the prime factors of 53719?
53719
What are the prime factors of 6723615?
3, 5, 448241
List the prime factors of 36185647.
23, 71, 22159
List the prime factors of 83418.
2, 3, 13903
List the prime factors of 3165599.
3165599
List the prime factors of 440352.
2, 3, 11, 139
What are the prime factors of 55402?
2, 27701
List the prime factors of 692597.
17, 131, 311
What are the prime factors of 93979?
93979
What are the prime factors of 837681?
3, 13, 47, 457
List the prime factors of 23089342.
2, 71, 162601
List the prime factors of 508638.
2, 3, 13, 6521
List the prime factors of 343001.
71, 4831
What are the prime factors of 14297747?
19, 752513
What are the prime factors of 812542?
2, 406271
List the prime factors of 1115357.
19, 47, 1249
List the prime factors of 2003470.
2, 5, 7, 28621
List the prime factors of 4076922.
2, 3, 679487
List the prime factors of 911808.
2, 3, 1583
What are the prime factors of 257988?
2, 3, 21499
What are the prime factors of 86215?
5, 43, 401
List the prime factors of 304900.
2, 5, 3049
List the prime factors of 626571.
3, 11, 6329
What are the prime factors of 741816?
2, 3, 10303
List the prime factors of 588300.
2, 3, 5, 37, 53
What are the prime factors of 4027870?
2, 5, 7, 11, 5231
What are the prime factors of 94747?
94747
List the prime factors of 239169.
3, 7, 1627
What are the prime factors of 367551?
3, 13613
What are the prime factors of 280742?
2, 7, 11, 1823
What are the prime factors of 20900696?
2, 31, 71, 1187
What are the prime factors of 353968?
2, 22123
What are the prime factors of 375580?
2, 5, 89, 211
List the prime factors of 2703699.
3, 29, 1151
What are the prime factors of 8980997?
8980997
What are the prime factors of 3590735?
5, 337, 2131
What are the prime factors of 1757587?
13, 353, 383
List the prime factors of 259439.
31, 8369
List the prime factors of 158255.
5, 31, 1021
What are the prime factors of 27872229?
3, 7, 11, 1567
What are the prime factors of 2842246?
2, 11, 129193
List the prime factors of 245676.
2, 3, 59, 347
What are the prime factors of 1453896?
2, 3, 53, 127
What are the prime factors of 205085?
5, 41017
List the prime factors of 18911348.
2, 4727837
List the prime factors of 303375.
3, 5, 809
What are the prime factors of 98624?
2, 23, 67
List the prime factors of 5144487.
3, 137, 12517
What are the prime factors of 1140983?
1140983
What are the prime factors of 3213291?
3, 103, 10399
What are the prime factors of 353010?
2, 3, 5, 7, 41
What are the prime factors of 6667995?
3, 5, 17, 79, 331
List the prime factors of 817307.
29, 28183
List the prime factors of 12217636.
2, 3054409
What are the prime factors of 1899909?
3, 11, 6397
What are the prime factors of 916734?
2, 3, 7, 13, 23, 73
List the prime factors of 133142.
2, 66571
List the prime factors of 10599858.
2, 3, 588881
What are the prime factors of 57576?
2, 3, 2399
What are the prime factors of 253151?
149, 1699
List 